 + 37. Suppose 4 = 2*c - m. What is the greatest common factor of c and 2?
2
Suppose -10*l + 8*l = -8, -l = 3*i - 40. What is the highest common divisor of 2 and i?
2
Let o(t) = 61*t + 39. Let l be o(-4). Let q = l - -211. Calculate the highest common factor of q and 42.
6
Let x(j) = -j**2 - 9*j - 6. Let t be x(-7). Let d(c) = 215*c - 18918. Let o be d(88). What is the greatest common factor of o and t?
2
Let v(d) = d**3 + 9*d**2 - 17*d + 2. Let w be v(-4). Calculate the greatest common factor of 204 and w.
6
Let v(m) = -4*m**2 + 37*m - 7. Let s be v(9). Let g be (-1 - s) + (11 - -223) + -9. What is the greatest common factor of 6 and g?
6
Let c be (-4)/38 - ((-9048)/247)/6. Let m(w) = 32*w**2 + 1. Let x be m(1). Let b be (x/(-2))/((-33)/c + 5). Calculate the highest common factor of b and 44.
11
Let x = 22337 + -22314. What is the highest common divisor of x and 989?
23
Let o = -207 - -204. Let q be (-219)/45*o + (-4)/(-10). What is the highest common divisor of q and 180?
15
Let x = 14 + -10. Let l be 15 - x - (-16)/4. Let t be (-177)/(-5) - 6/l. What is the greatest common divisor of t and 7?
7
Let a(h) = 14*h**2 - 2*h - 18. Let q be a(10). Suppose 19*k = q - 393. What is the highest common divisor of k and 51?
51
Let d be (36/(-18))/((-2)/20). Let a be (-98)/35*(-150)/35. What is the greatest common divisor of d and a?
4
Let k be (-163386)/(-3443)*22/3. What is the greatest common factor of 30 and k?
6
Let h be ((-12)/(-9))/(4/138). Suppose -5*a = -0*i + 3*i - h, 0 = a + 5*i + 4. What is the greatest common divisor of a and 616?
11
Suppose 22521 = 5*v - 3*c, -6*v = 4*c - 12093 - 14879. What is the greatest common factor of 108 and v?
36
Let f be (1*180/(-8))/(1/(-6)). Let s = -75 + f. What is the greatest common divisor of 48 and s?
12
Let v be (-1)/4 - (-30986)/40 - 3/(-5). Calculate the greatest common factor of 217 and v.
31
Let j(b) = b**2 + 43*b - 125. Let q be j(3). Let g = 7 + 49. Suppose 55 = 5*s - 2*m, -2*s - 5*m + g = 5. What is the greatest common divisor of s and q?
13
Suppose -5*u + 3*r = -4*u - 22, -3*u + 101 = -2*r. Suppose 0 = -4*m - 37 + u. Suppose -9*i + 253 + 125 = m. What is the highest common divisor of 6 and i?
6
Let r be (-4)/22 + 1083/209. Calculate the greatest common factor of 6680 and r.
5
Suppose -6*w + 203 = -w + 73. What is the highest common divisor of w and 169?
13
Let g(n) = -96*n + 1036. Let j be g(7). Calculate the highest common factor of j and 65.
13
Let s(q) = -6*q + 2. Let i(h) = h**2 - 5*h - 11. Let t be i(5). Let x be s(t). What is the highest common divisor of 17 and x?
17
Let s be 3/(-10) - ((-46705)/350 + (-2)/(-14)). What is the highest common divisor of s and 112?
7
Suppose -456*d + 142 = z - 458*d, 4*d = 36. Suppose -2*p + 7*p = 2*x + 324, 0 = -2*p - 5*x + 118. What is the highest common factor of p and z?
32
Suppose -4*v = k - 12, -4*k = -3*v - 6 - 4. Let f be (3 - v)*2 + 21. Let m = 11402 - 11149. Calculate the highest common divisor of m and f.
23
Let f(g) = g**3 + 12*g**2 + 8*g + 23. Let o be f(-12). Let a = 96 + o. Suppose -2*x = a - 27. What is the highest common factor of x and 2?
2
Suppose 9633 = 3*x + 5*b, -823*x + 827*x + 3*b = 12844. What is the highest common divisor of 19 and x?
19
Let z be ((-392)/(-182))/(-14) - 1/((-52)/430620). Calculate the greatest common factor of 182 and z.
91
Suppose 583*v = 585*v - 1104. Let g = 188 - 164. What is the greatest common divisor of g and v?
24
Suppose 203*o = 152*o + 143208. Calculate the highest common divisor of o and 819.
117
Suppose 6*k = 267 + 795. Let j = k - -1168. Suppose -16*h + j = -575. What is the greatest common divisor of 15 and h?
15
Let i = -39557 + 41478. Calculate the highest common factor of i and 1243.
113
Let g = -11 + 23. Suppose d - 10818*o = -10816*o + 232, -5*o - 10 = 0. What is the greatest common divisor of d and g?
12
Let p(m) = m**2 - 4*m + 7. Let d be p(3). Let s be 396/8*16/(d - 0). Calculate the highest common divisor of s and 18.
18
Let n = 5 - 1. Let t = 3768 - 3767. Calculate the highest common factor of t and n.
1
Let h = -782 - -1167. Let n(f) = -f**3 - 18*f**2 - 76*f + 66. Let q be n(-11). Calculate the highest common divisor of q and h.
55
Let n be ((-1728)/(-256))/(-3 - 39/(-12)). Let o = 131 - 77. What is the highest common factor of o and n?
27
Let j = -2 - -6. Suppose 3*i - 5*g = -81, -j*i + 0*g = -3*g + 97. Let z = i + 50. What is the greatest common factor of z and 4?
4
Suppose -29*l + 27*l + 864 = 0. Let q = l + -430. What is the greatest common divisor of q and 50?
2
Let j = 7979 + -7617. What is the greatest common divisor of j and 32218?
362
Suppose -23*v + 175 = -745. Calculate the highest common factor of 30 and v.
10
Suppose -95449 - 156425 = -275*w + 14876. Calculate the highest common divisor of w and 50.
10
Let v(b) = -6*b + 960. Suppose 0 = -9*g + 3*g. Let w be v(g). Suppose w = -f + 11*f. Calculate the greatest common factor of f and 64.
32
Suppose -n - 2 = 0, -n = -25*y + 20*y - 48. Let i = 38 + y. Calculate the highest common divisor of 532 and i.
28
Suppose -88*o + 5015 = -5566 - 14763. Calculate the highest common divisor of o and 1048.
8
Suppose -90 = -14*k - 34. Suppose 452 = k*c - 208. What is the highest common divisor of 220 and c?
55
Let h = 188 - 178. Suppose h - 14 = -2*r. Calculate the highest common factor of 8 and r.
2
Let u(i) = -9 - i**2 - 8 + 10*i + 6. Let g be u(8). Suppose 0 = 3*b - 3 - 6, 5*a - 4*b - 63 = 0. What is the highest common factor of a and g?
5
Suppose 0 = -2*n + 2, 5*k + 5*n = 18 + 512. Calculate the highest common factor of k and 1200.
15
Let s be 3/15 + 537/15. Let t(m) be the second derivative of m**4/12 - 2*m**3/3 - 3*m**2/2 - m. Let n be t(-2). What is the highest common divisor of n and s?
9
Let w(u) = -5 - 3*u - 1 + 1. Let g(x) = -6*x + 19. Let i be g(4). Let p be w(i). What is the highest common divisor of p and 70?
10
Let g(p) = -5*p**2 - 20*p + 68. Let i(n) = 9*n**2 + 40*n - 137. Let h(w) = 5*g(w) + 3*i(w). Let s be h(-20). Calculate the highest common factor of 47 and s.
47
Let c be ((-368)/(-115))/((-2)/70). Let u = -28 - c. What is the greatest common factor of 12 and u?
12
Suppose -5*j = -4875 + 2555. Calculate the highest common factor of j and 87.
29
Suppose 4*j = 4875 + 2573. What is the highest common divisor of j and 3192?
266
Let x = 482 - 392. What is the highest common divisor of 2205 and x?
45
Suppose -27*n = -202 + 40. Let m be (3048/4)/n + 0 + 1. Suppose -111 = -5*a - 2*s - 27, 6 = a - 5*s. Calculate the highest common factor of m and a.
16
Let c be (-24)/60 + 1 + 10608/20 - 3. Calculate the greatest common divisor of 64 and c.
16
Suppose -8*b + 432 = -88. Let a = 77 - b. Let m(y) = y**3 + 11*y**2 + 2. Let n be m(-11). Calculate the greatest common divisor of n and a.
2
Let v be (-55851)/(-7) + (-4)/(-140)*10. Calculate the highest common divisor of v and 101.
101
Let m(h) = -3*h**2 - h - 1. Let x(z) = 13*z**2 - 10*z - 30. Let v(s) = -5*m(s) - x(s). Let n be v(-7). Calculate the highest common divisor of 8 and n.
4
Let n = 16 - 12. Suppose -n*x = 10 - 2, -5*t + 2*x + 9 = 0. Let i(m) = 20*m - 595. Let f be i(30). What is the highest common divisor of f and t?
1
Suppose 95*k + 642 = 93*k. Let r = k + 322. Calculate the highest common factor of r and 23.
1
Let b be (4 + (-22)/5)/(5/1975). Let z = b - -286. What is the greatest common factor of z and 16?
16
Let l = -11879 - -11988. What is the highest common divisor of l and 28885?
109
Suppose 63 = m + 5*v - 7, 4*v = 2*m - 112. Let z(b) = 11*b + 45. Let g be z(-4). Suppose -10*t - g = -151. Calculate the greatest common divisor of t and m.
15
Let d = 8 + -23. Let m be 22 - (5 + d/5)/2. Let h(f) = 3*f**2 - 3. Let k be h(-6). What is the highest common factor of k and m?
21
Let g = 196 + -181. Let a be (6/g)/(6/870). What is the highest common divisor of 290 and a?
58
Let m be (-8 + 6 - (-24)/(-9))*300/(-14). Calculate the greatest common divisor of 1675 and m.
25
Let r be (-1393)/(-28) - (-1)/4. Let v = r + -28. Let p(f) = 10*f + 261. Let m be p(-25). What is the highest common factor of m and v?
11
Let a(i) = -2*i + 2 - 1 - 8. Let f be a(-6). Suppose -2*s + 5*g = -40, 3*s - 241 = -3*g - 244. What is the highest common factor of s and f?
5
Suppose -32*v + 5965 = -1715. Let h = v